{"id":60,"date":"2017-09-17T17:41:30","date_gmt":"2017-09-17T15:41:30","guid":{"rendered":"http:\/\/www.svj4191.cz\/?page_id=60"},"modified":"2025-09-16T17:38:42","modified_gmt":"2025-09-16T15:38:42","slug":"ke_stazeni","status":"publish","type":"page","link":"https:\/\/www.svj4191.cz\/?page_id=60","title":{"rendered":"Dokumenty"},"content":{"rendered":"\n<div class=\"wp-block-file\"><a id=\"wp-block-file--media-2b2458f5-6042-4905-9768-34b8fe2474f2\" href=\"https:\/\/www.svj4191.cz\/wp-content\/uploads\/2025\/06\/Zapis_shromazdeni_2025.doc\">Zapis_shromazdeni_2025<\/a><a href=\"https:\/\/www.svj4191.cz\/wp-content\/uploads\/2025\/06\/Zapis_shromazdeni_2025.doc\" class=\"wp-block-file__button wp-element-button\" download aria-describedby=\"wp-block-file--media-2b2458f5-6042-4905-9768-34b8fe2474f2\">St\u00e1hnout<\/a><\/div>\n\n\n\n<div class=\"wp-block-file\"><a id=\"wp-block-file--media-2b2458f5-6042-4905-9768-34b8fe2474f2\" href=\"https:\/\/www.svj4191.cz\/wp-content\/uploads\/2024\/05\/Zapis-ze-shromazdeni-2024.docx\">Z\u00e1pis ze shrom\u00e1\u017ed\u011bn\u00ed 2024<\/a><a href=\"https:\/\/www.svj4191.cz\/wp-content\/uploads\/2024\/05\/Zapis-ze-shromazdeni-2024.docx\" class=\"wp-block-file__button wp-element-button\" download aria-describedby=\"wp-block-file--media-2b2458f5-6042-4905-9768-34b8fe2474f2\">St\u00e1hnout<\/a><\/div>\n\n\n\n<div class=\"wp-block-file\"><a id=\"wp-block-file--media-2b2458f5-6042-4905-9768-34b8fe2474f2\" href=\"https:\/\/www.svj4191.cz\/wp-content\/uploads\/2023\/05\/Zapis-ze-shromazdeni-2023.docx\">Z\u00e1pis ze shrom\u00e1\u017ed\u011bn\u00ed 2023<\/a><a href=\"https:\/\/www.svj4191.cz\/wp-content\/uploads\/2023\/05\/Zapis-ze-shromazdeni-2023.docx\" class=\"wp-block-file__button wp-element-button\" download aria-describedby=\"wp-block-file--media-2b2458f5-6042-4905-9768-34b8fe2474f2\">St\u00e1hnout<\/a><\/div>\n\n\n\n<div class=\"wp-block-file\"><a id=\"wp-block-file--media-1a04443f-7540-4ca4-b027-ffa34ced854a\" href=\"https:\/\/www.svj4191.cz\/wp-content\/uploads\/2021\/06\/Z\u00e1pis-ze-Shrom\u00e1\u017ed\u011bn\u00ed-2021.doc\">Z\u00e1pis ze Shrom\u00e1\u017ed\u011bn\u00ed 2021<\/a><a href=\"https:\/\/www.svj4191.cz\/wp-content\/uploads\/2021\/06\/Z\u00e1pis-ze-Shrom\u00e1\u017ed\u011bn\u00ed-2021.doc\" class=\"wp-block-file__button wp-element-button\" download aria-describedby=\"wp-block-file--media-1a04443f-7540-4ca4-b027-ffa34ced854a\">St\u00e1hnout<\/a><\/div>\n\n\n<p><a href=\"https:\/\/www.svj4191.cz\/wp-content\/uploads\/2017\/09\/Z\u00e1pis-ze-Shrom\u00e1\u017ed\u011bn\u00ed-2020.doc\">Z\u00e1pis ze Shrom\u00e1\u017ed\u011bn\u00ed 2020<\/a><\/p>\n<p><a href=\"https:\/\/www.svj4191.cz\/wp-content\/uploads\/2017\/09\/N\u00e1vod-videotelefony-FANAK-D244S-CZ.pdf\">N\u00e1vod videotelefony &#8211; obsluha<\/a><\/p>\n<p><a href=\"https:\/\/www.svj4191.cz\/wp-content\/uploads\/2017\/09\/EM-DPM-D244S-CZ.pdf\">\u00dapln\u00fd n\u00e1vod dve\u0159n\u00edho videotelefonu<\/a><\/p>\n<p><a href=\"https:\/\/www.svj4191.cz\/wp-content\/uploads\/2017\/09\/Z\u00e1pis-ze-shrom\u00e1\u017ed\u011bn\u00ed-2019.doc\">Z\u00e1pis ze shrom\u00e1\u017ed\u011bn\u00ed 2019<\/a><\/p>\n<p><a href=\"https:\/\/www.svj4191.cz\/wp-content\/uploads\/2017\/09\/Pravidla-pro-hospoda\u0159en\u00ed-s-jednotkami.doc\">Pravidla pro hospoda\u0159en\u00ed s jednotkami<\/a><\/p>\n<p><a href=\"https:\/\/www.svj4191.cz\/wp-content\/uploads\/2017\/09\/Prohl\u00e1\u0161en\u00ed-vlastn\u00edka.pdf\">Prohl\u00e1\u0161en\u00ed vlastn\u00edka<\/a><\/p>\n<p><a href=\"https:\/\/www.svj4191.cz\/wp-content\/uploads\/2017\/09\/Z\u00e1pis-ze-shrom\u00e1\u017ed\u011bn\u00ed-2018.doc\">Z\u00e1pis ze shrom\u00e1\u017ed\u011bn\u00ed 2018<\/a><\/p>\n<p><a href=\"https:\/\/www.svj4191.cz\/wp-content\/uploads\/2017\/09\/Stanovy_spole\u010denstv\u00ed2018.doc\">Stanovy_spole\u010denstv\u00ed2018<\/a><\/p>\n<p><a href=\"https:\/\/www.svj4191.cz\/wp-content\/uploads\/2018\/02\/Pr\u016fkaz-energetick\u00e9-n\u00e1ro\u010dnosti-budovy.pdf\">Pr\u016fkaz energetick\u00e9 n\u00e1ro\u010dnosti budovy<\/a><\/p>\n<p><a href=\"https:\/\/www.svj4191.cz\/wp-content\/uploads\/2018\/02\/Z\u00e1pis-ze-shrom\u00e1\u017ed\u011bn\u00ed-2017.doc\">Z\u00e1pis ze shrom\u00e1\u017ed\u011bn\u00ed 2017<\/a><\/p>\n<p><a href=\"https:\/\/www.svj4191.cz\/wp-content\/uploads\/2018\/02\/Z\u00e1pis-ze-shrom\u00e1\u017ed\u011bn\u00ed-2016.doc\">Z\u00e1pis ze shrom\u00e1\u017ed\u011bn\u00ed 2016<\/a><\/p>\n<p><a href=\"https:\/\/www.svj4191.cz\/wp-content\/uploads\/2018\/02\/Z\u00e1pis-ze-shrom\u00e1\u017ed\u011bn\u00ed-2015.doc\">Z\u00e1pis ze shrom\u00e1\u017ed\u011bn\u00ed 2015<\/a><\/p>\n<p><a href=\"https:\/\/www.svj4191.cz\/wp-content\/uploads\/2018\/02\/z\u00e1pis-ze-shrom\u00e1\u017ed\u011bn\u00ed-2014.doc\">z\u00e1pis ze shrom\u00e1\u017ed\u011bn\u00ed 2014<\/a><\/p>\n<p><\/p>","protected":false},"excerpt":{"rendered":"<p>Z\u00e1pis ze Shrom\u00e1\u017ed\u011bn\u00ed 2020 N\u00e1vod videotelefony &#8211; obsluha \u00dapln\u00fd n\u00e1vod dve\u0159n\u00edho videotelefonu Z\u00e1pis ze shrom\u00e1\u017ed\u011bn\u00ed 2019 Pravidla pro hospoda\u0159en\u00ed s jednotkami Prohl\u00e1\u0161en\u00ed vlastn\u00edka Z\u00e1pis ze shrom\u00e1\u017ed\u011bn\u00ed 2018 Stanovy_spole\u010denstv\u00ed2018 Pr\u016fkaz energetick\u00e9 n\u00e1ro\u010dnosti budovy Z\u00e1pis ze shrom\u00e1\u017ed\u011bn\u00ed 2017 Z\u00e1pis ze shrom\u00e1\u017ed\u011bn\u00ed 2016 Z\u00e1pis ze shrom\u00e1\u017ed\u011bn\u00ed 2015 z\u00e1pis ze shrom\u00e1\u017ed\u011bn\u00ed 2014<\/p>\n","protected":false},"author":1,"featured_media":0,"parent":0,"menu_order":0,"comment_status":"closed","ping_status":"closed","template":"","meta":[],"_links":{"self":[{"href":"https:\/\/www.svj4191.cz\/index.php?rest_route=\/wp\/v2\/pages\/60"}],"collection":[{"href":"https:\/\/www.svj4191.cz\/index.php?rest_route=\/wp\/v2\/pages"}],"about":[{"href":"https:\/\/www.svj4191.cz\/index.php?rest_route=\/wp\/v2\/types\/page"}],"author":[{"embeddable":true,"href":"https:\/\/www.svj4191.cz\/index.php?rest_route=\/wp\/v2\/users\/1"}],"replies":[{"embeddable":true,"href":"https:\/\/www.svj4191.cz\/index.php?rest_route=%2Fwp%2Fv2%2Fcomments&post=60"}],"version-history":[{"count":14,"href":"https:\/\/www.svj4191.cz\/index.php?rest_route=\/wp\/v2\/pages\/60\/revisions"}],"predecessor-version":[{"id":370,"href":"https:\/\/www.svj4191.cz\/index.php?rest_route=\/wp\/v2\/pages\/60\/revisions\/370"}],"wp:attachment":[{"href":"https:\/\/www.svj4191.cz\/index.php?rest_route=%2Fwp%2Fv2%2Fmedia&parent=60"}],"curies":[{"name":"wp","href":"https:\/\/api.w.org\/{rel}","templated":true}]}}